(-1).
-127
Let c(b) = b**3 - 16*b**2 - b + 1. Calculate c(16).
-15
Let a(c) = -4*c + 76. Determine a(19).
0
Let z(p) = -p**3 + 6*p**2 + 8*p + 9. Determine z(7).
16
Let y(x) = -2*x**3 - 15*x**2 - 17*x - 8. Give y(-6).
-14
Let o(d) = -22*d**3 + d**2 - d - 1. Determine o(-1).
23
Let d(k) = k**3 - 6*k**2 + 9*k + 2. What is d(3)?
2
Let c(m) = -6*m**2 + 5*m + 2. Determine c(2).
-12
Let w(i) = 6*i + 8. Calculate w(-3).
-10
Let j(g) = -g + 7. Calculate j(-11).
18
Let k(d) = -d**3 - 8*d**2 + d + 18. Give k(-8).
10
Let i(a) = 12*a**2 - 4*a + 2. What is i(-2)?
58
Let j(t) = -13*t - 75. Determine j(-5).
-10
Let a(j) = j**3 - 4*j**2 - 5*j + 7. Give a(5).
7
Let y(a) = -54*a - 17. Give y(2).
-125
Let v(q) = 8*q**3 + 2*q**2 + q - 1. What is v(-1)?
-8
Let l(p) = -p**3 + 7*p**2 - 8*p + 10. What is l(6)?
-2
Let g(v) = -v**2 - 13*v + 18. What is g(-14)?
4
Let w(h) = h**2 - 11*h + 21. Determine w(9).
3
Let a(r) = -4*r - 25. Calculate a(-6).
-1
Let i(y) = -y**3 - 6*y**2 + 3*y + 15. What is i(-6)?
-3
Let j(k) = 21*k + 245. Give j(-12).
-7
Let a(m) = -m + 9. What is a(12)?
-3
Let u(z) = 10*z**2 - 20*z + 14. Give u(1).
4
Let o(p) = -p**2 - 16*p - 24. Determine o(-15).
-9
Let c(h) = h**3 - 6*h**2 - 7*h - 7. What is c(7)?
-7
Let j(s) = -8*s - 220. Determine j(-29).
12
Let l(u) = u + 16. Determine l(-28).
-12
Let r(l) = l**2 + 11*l + 31. Give r(-4).
3
Let m(z) = -5*z + 1. Calculate m(2).
-9
Let p(v) = -36*v + 224. Determine p(6).
8
Let a(d) = d**3 - 7*d**2 - 21*d - 28. Give a(10).
62
Let s(w) = -w**2 - 5*w + 2. Determine s(-5).
2
Let p(i) = -5*i**2 - 8*i - 9. Determine p(-2).
-13
Let d(u) = 4*u - 36. Calculate d(9).
0
Let o(q) = -2*q + 3. Give o(-4).
11
Let k(t) = -t**2 - 7*t + 1. Calculate k(-6).
7
Let c(k) = k**2 - 11*k + 1. What is c(10)?
-9
Let f(v) = -2*v - 10. Give f(-2).
-6
Let q(p) = 5*p - 23. Give q(19).
72
Let u(n) = -n**3 + 3*n**2 - n - 3. What is u(3)?
-6
Let p(j) = -6*j**2 - 12*j - 12. Determine p(-1).
-6
Let l(h) = -3*h - 9. Determine l(-20).
51
Let t(w) = -w**2 - 8*w + 3. Determine t(-9).
-6
Let s(r) = r**3 + 5*r**2 + 4*r - 2. Calculate s(-4).
-2
Let d(i) = -i**2 - 12*i + 31. Calculate d(-14).
3
Let f(g) = g**2 - 2*g - 4. Determine f(5).
11
Let z(p) = 3*p. Give z(-4).
-12
Let x(i) = -i**2 + 4*i + 14. Calculate x(9).
-31
Let z(w) = -2*w**2 - 36*w + 42. Calculate z(-19).
4
Let l(j) = -9*j**3 + 2*j + 1. Determine l(-1).
8
Let c(h) = 6*h**2 + h. Calculate c(-2).
22
Let c(j) = -j**3 + 11*j**2 - 18*j - 10. What is c(9)?
-10
Let q(x) = -3*x - 78. Give q(-29).
9
Let q(p) = -p**3 - 25*p**2 - 28*p - 132. What is q(-24)?
-36
Let c(s) = -s**2 - 15*s - 2. Give c(-15).
-2
Let p(f) = 6*f**3 + f**2 - 2*f. Determine p(1).
5
Let m(q) = -2*q**2 - 25*q + 48. Calculate m(-14).
6
Let z(f) = -22*f - 10. What is z(-2)?
34
Let z(y) = y**3 - 9*y**2 + 10*y - 25. Determine z(8).
-9
Let x(w) = 14*w + 57. What is x(-4)?
1
Let g(m) = m**2 + 7*m + 2. Give g(-8).
10
Let f(j) = -15*j**3 + 2*j - 1. Calculate f(1).
-14
Let h(y) = 2*y**2 + y + 1. What is h(1)?
4
Let y(v) = v**2 - 9*v + 2. Give y(12).
38
Let z(c) = -61*c + 194. Calculate z(3).
11
Let s(x) = -x + 3. Give s(3).
0
Let z(j) = -j**2 - 27*j - 67. Determine z(-24).
5
Let y(r) = -r**2 - 7*r - 13. Give y(-6).
-7
Let t(u) = u**2 - 14*u + 13. What is t(9)?
-32
Let o(u) = 5*u + 6. Give o(-4).
-14
Let a(t) = t**2 + 6*t - 47. What is a(-11)?
8
Let b(r) = -437*r + 3063. Give b(7).
4
Let o(j) = -j**3 - 5*j**2 + 2*j - 7. Give o(-5).
-17
Let a(b) = 4*b**2 - 1. What is a(-1)?
3
Let g(y) = 36*y - 140. Calculate g(4).
4
Let a(u) = u**2 + 3*u + 5. Calculate a(-2).
3
Let c(u) = u**3 - 9*u**2 + 9*u + 8. Give c(7).
-27
Let q(d) = 5*d + 18. Determine q(-4).
-2
Let j(r) = -r**3 - 12*r**2 - 23*r - 7. Calculate j(-5).
-67
Let x(t) = t**3 + 8*t**2 - 19*t + 5. Determine x(-10).
-5
Let n(z) = 3*z**2 + 2. Give n(-2).
14
Let v(k) = 15*k + 157. Determine v(-11).
-8
Let v(w) = w**3 + 10*w**2 + 12*w - 8. Give v(-8).
24
Let m(p) = -4*p - 23. Give m(7).
-51
Let a(g) = -g**3 - 6*g**2 + 14*g + 9. Determine a(-8).
25
Let q(o) = -8*o + 46. Calculate q(3).
22
Let w(u) = 9*u - 1. Determine w(3).
26
Let y(h) = -h**3 + 10*h**2 + 10*h + 12. Calculate y(11).
1
Let y(r) = 3*r**2 - 14*r + 17. Give y(2).
1
Let d(j) = j**3 - 8*j**2 + j - 28. Calculate d(8).
-20
Let r(b) = 2*b**2 + 3*b. Determine r(7).
119
Let p(b) = 12*b - 12. Give p(2).
12
Let f(d) = -d**3 + 8*d**2 + 11*d - 3. Give f(9).
15
Let a(h) = -31*h - 1. Calculate a(1).
-32
Let r(i) = 5*i + 24. Give r(-8).
-16
Let z(p) = -25*p - 105. What is z(-7)?
70
Let v(m) = m**3 - 7*m**2 - 8*m - 8. Determine v(8).
-8
Let l(x) = -x**3 + 9*x**2 - 15*x - 16. Give l(6).
2
Let o(x) = 2*x**2 - x - 17. What is o(4)?
11
Let r(y) = 2*y + 2. What is r(-2)?
-2
Let b(t) = t**2 + 11*t + 20. Determine b(-5).
-10
Let d(p) = p**2 + p + 31. Determine d(0).
31
Let a(f) = -3*f**2 - 10*f - 1. Give a(-5).
-26
Let f(w) = -20*w**3 - 2*w**2. Give f(1).
-22
Let d(k) = -3*k**2 - 6*k - 4. Determine d(-4).
-28
Let l(b) = -b**3 + 4*b**2 + 14*b - 15. Give l(6).
-3
Let v(u) = u**3 + 25*u**2 + 16*u + 405. Determine v(-25).
5
Let c(u) = -2*u**2 - 3*u - 4. What is c(-2)?
-6
Let q(g) = -25*g + 94. Calculate q(4).
-6
Let u(r) = -r**2 - 10*r + 18. Determine u(-12).
-6
Let h(j) = 3*j**2 + 6*j + 3. Determine h(-6).
75
Let b(u) = -u + 27. Calculate b(14).
13
Let o(l) = l - 13. Calculate o(7).
-6
Let k(l) = -8*l + 8. What is k(2)?
-8
Let i(h) = -2*h**2 - 5*h + 12. Give i(-6).
-30
Let k(n) = n**3 + n**2 - 18*n + 18. Determine k(-5).
8
Let g(l) = l**3 + 8*l**2 - 9*l + 5. Calculate g(-9).
5
Let q(f) = 4*f**2 - 5. Give q(3).
31
Let m(v) = 13*v**3 - 1. Determine m(-1).
-14
Let z(x) = 3*x - 10. What is z(10)?
20
Let y(n) = -n**3 + 2*n**2 + 7*n - 1. Determine y(6).
-103
Let m(r) = 13*r**2 + 2*r - 19. Give m(4).
197
Let y(z) = 38*z + 243. Determine y(-6).
15
Let n(r) = 5*r**2 - 1. Calculate n(-1).
4
Let o(j) = j**2 - j - 1. Give o(5).
19
Let g(f) = 2*f**3 - 12*f**2 - 19*f + 135. Calculate g(6).
21
Let k(z) = 6*z - 6. Calculate k(-1).
-12
Let x(o) = 9*o + 2. Calculate x(-2).
-16
Let a(g) = -2*g**2 - 2*g - 1. Determine a(-2).
-5
Let c(b) = -7*b - 1. What is c(1)?
-8
Let j(k) = k**3 - 13*k**2 + 15*k - 12. Give j(12).
24
Let t(x) = -32*x + 457. What is t(14)?
9
Let z(h) = 4*h + 146. Determine z(-35).
6
Let q(m) = -m**3 - 3*m**2 + 2*m - 3. Determine q(-4).
5
Let a(m) = -m + 30. What is a(32)?
-2
Let h(y) = y**3 - 7*y**2 + 3*y - 2. Determine h(5).
-37
Let y(h) = h**2 + 6*h + 6. Determine y(-5).
1
Let u(v) = v**2 - 11*v + 8. Calculate u(9).
-10
Let l(o) = -8*o - 15. Give l(-3).
9
Let j(w) = -26*w - 17. Give j(-2).
35
Let m(h) = 5*h + 21. Determine m(-22).
-89
Let q(f) = f**2 + 6*f + 7. Calculate q(-4).
-1
Let l(n) = -4*n. Give l(-4).
16
Let z(p) = p**3 - 2*p**2 + 15. Calculate z(0).
15
Let c(y) = 2*y**2 + 38*y + 3. Give c(0).
3
Let r(n) = n**3 + 5*n**2 + 2*n - 3. Calculate r(-4).
5
Let o(z) = -z**2 - z + 16. Determine o(-6).
-14
Let m(j) = -j**3 - 5*j**2 + 4*j + 3. Give m(-4).
-29
Let s(r) = r**3 + 4*r**2 - 6*r - 3. What is s(-5)?
2
Let n(v) = -v**3 + 15*v**2 - 9*v - 6. Calculate n(14).
64
Let b(d) = d**3 + 5*d**2 - 5*d - 5. What is b(-6)?
-11
Let q(z) = -2*z**2 + 70*z - 334. What is q(6)?
14
Let r(w) = -w**2 + 5*w + 2. Calculate r(6).
-4
Let a(p) = -p**2 + 2*p - 6. Determine a(7).
-41
Let b(d) = 21*d**2 - 166*d - 8. Give b(8).
8
Let c(t) = t**2 + 9*t - 7. Give c(-9).
-7
Let m(d) = -d**2 - 20*d - 20. Calculate m(-18).
16
Let i(o) = -o**3 - 10*o**2 - o - 3. What is i(-10)?
7
Let j(m) = -9*m + 4. Give j(-10).
94
Let p(y) = y**2 - 9*y + 4. Calculate p(8).
-4
Let o(v) = -v**2 - 2*v + 30. Give o(0).
30
Let h(c) = c**2 + 15*c + 6. Give h(-14).
-8
Let h(z) = -z**3 - 48*z**2 - 94*z - 80. Determine h(-46).
12
Let x(i) = i**3 + 2*i**2 - 2*i + 1. Calculate x(-3).
-2
Let g(a) = -a**3 - 16*a**2 - 12*a + 12. What is g(-15)?
-33
Let n(h) = h**3 + 6*h**2 - 15*h - 21. Give n(-2).
25
Let k(u) = 16*u. What is k(2)?
32
Let v(w) = -w**3 - 6*w**2 - 6*w - 33. Calculate v(-6).
3
Let b(k) = -14*k**3 + 4*k. Calculate b(2).
-104
Let q(c) = c**3 - 21*c**2 + 17*c + 61. Give q(20).
1
Let h(u) = -u**2 + 19. Give h(-7).
-30
Let l(k) = -7*k. Determine l(-1).
7
Let s(z) = z**3 + 28*z**2 + 2*z + 55. What is s(-28)?
-1
Let a(k) = -k**2 - 4*k - 1. What is a(-5)?
-6
Let t(u) = u**2 - 12*u + 10. What is t(8)?
-22
Let o(